he greatest common factor of s and 1830?
15
Let n = -11327 + 11332. Let f = 3 - -5. Calculate the greatest common factor of f and n.
1
Let x = -4452 + 4554. Calculate the greatest common divisor of x and 4.
2
Suppose 0 = 103*h + 22*h - 12*h - 179218. Calculate the highest common factor of h and 1159.
61
Let v(p) = -p**3 - 8*p**2 - p - 22. Let c be v(-9). Suppose -2*d = -3*f + 7*f - 152, d = 2*f + c. What is the greatest common factor of d and 16?
8
Suppose 0 = -4*f + 53 + 203. Suppose 0 = 5*c - f + 49. Suppose c*o = -o + 20. What is the greatest common factor of o and 5?
5
Suppose -5*u + 18*u = 6292. Let q = -108 + u. Calculate the greatest common divisor of 47 and q.
47
Suppose a - 68 = 5*f, -f + 2*f = 2. Let j = 213 - 251. Let w = j + 233. What is the highest common divisor of w and a?
39
Suppose 12*u - 4237 = 2027. Let z be (-120)/(-220) + u/11. Calculate the highest common divisor of z and 1200.
48
Suppose -416 - 46 = -51*k + 150. Suppose 168 = -0*y + 2*y. Calculate the greatest common factor of y and k.
12
Let c(l) = l**2 - 7*l - 6. Let q be 4/(-18) - 112/63. Let x be c(q). Suppose j + t = 4*t - 4, -5*t - 20 = -5*j. Calculate the highest common factor of j and x.
4
Suppose -4*s + 0*s + 8 = 0. Suppose -11*b + 807 = -1338. Suppose b = -0*v + s*v - 5*a, 5*a - 120 = -v. Calculate the highest common factor of v and 15.
15
Suppose 89*j - 4*n = 88*j + 751, 3679 = 5*j - n. What is the highest common factor of 441 and j?
147
Let p(a) = 15*a**2 - 9*a + 40. Let o be p(8). Suppose -o = -13*b - 343. Calculate the highest common divisor of b and 105.
15
Let z(f) = 7*f**2 + 150*f + 41. Let i be z(-28). Suppose 1035 = -6*c + i. What is the highest common factor of 1 and c?
1
Suppose -252 = -2*i - 42. Suppose 2*z - 3*o - 12 - 2 = 0, 0 = 4*z + o - 28. Calculate the greatest common factor of z and i.
7
Let z = -19 + 1. Let g be 4/(-6) - 2082/z. Let i = -134 - -180. What is the greatest common factor of g and i?
23
Let x(b) = -b**3 - 3*b**2 - 129*b + 132. Let n be x(0). What is the highest common divisor of n and 720?
12
Let y be (3 - (0 - 0))/(50/9350). Calculate the highest common divisor of y and 357.
51
Let m be 12/(-42) + (-1 - (-2868)/42). What is the highest common divisor of m and 603?
67
Let z be 3/20*280/112 + (-1285)/(-8). Calculate the greatest common divisor of 368 and z.
23
Suppose 1807*v - 1758*v - 12348 = 0. Let j be -9*2/(-1)*2. Calculate the highest common factor of v and j.
36
Let p(t) = 3*t - 23. Let i be p(9). Let d be (i/((-32)/6))/(17/(-136)). What is the greatest common factor of 42 and d?
6
Suppose 5*h - 3*f - 116 = 0, -h = h - 2*f - 44. Let m = h + -17. Let o be (0 - (-143)/(-2))/((-2)/m). What is the greatest common divisor of 26 and o?
26
Let j(c) be the first derivative of -25*c**2 - 223*c - 46. Let k be j(-23). Calculate the highest common factor of k and 9.
9
Let m = 10 - 13. Let f(v) = 4*v**2 + 4*v - 3. Let z be f(m). Let n = 47 - z. What is the highest common divisor of n and 2?
2
Let a = -21 - -26. Suppose -26 = -n + 3*t, -62 = -a*n + 2*n + 5*t. Suppose 0 = -4*d + 74 + n. Calculate the greatest common factor of 2 and d.
2
Let o = -1191 + 1362. Calculate the greatest common divisor of 57 and o.
57
Suppose 5*s = -3*u + 130, -33 - 19 = -2*s + 3*u. Let y(r) = -r**3 - 8*r**2 - 10*r - 8. Let a be y(-7). Calculate the highest common divisor of s and a.
13
Suppose 0*v + 4*v = 32. Let h be ((-15)/(-10))/(4/v). Let r be ((-100)/(-12) + -4)/(1/h). What is the greatest common factor of r and 143?
13
Let f(o) = -2*o**2 - 13*o - 7. Let s be -13 - -13 - (-8)/(-2). Let w be f(s). Calculate the highest common divisor of 143 and w.
13
Suppose 3*t - 213 = -0*t. Let b = -65 + t. Suppose -5*c + 2 = -8. Calculate the greatest common factor of c and b.
2
Let v be ((-8)/(-3))/(4 - (-20)/(-6)). Suppose 5577 = 3*z - 4*j, 2*j = -v*z - 0*j + 7458. What is the highest common divisor of z and 23?
23
Suppose 0 = 29*c - 34*c + 80. Suppose c*b = 21*b - 225. Calculate the greatest common factor of 27 and b.
9
Suppose -2*s + 91 - 101 = 0, 4*s = -5*p + 35. Let t be (-3)/((-9)/69) + -1. What is the greatest common divisor of p and t?
11
Let o(j) = 9*j - 31. Let b be o(5). Suppose -s = 2*s + 9, 3*s = -5*v - b. Let n be 7 - v*(0 - (-1)/1). What is the highest common divisor of 8 and n?
8
Let f = 822 + -939. Let w be (84/189 - 22/9)*f. Suppose m + 52 = 3*m. What is the highest common divisor of w and m?
26
Let b be ((-286)/(-44))/(9/36). What is the greatest common divisor of b and 674?
2
Suppose -4*p + 2*k = -3630, 0 = p - 4*p + 3*k + 2715. Suppose -916*f + 492 = -p*f. Calculate the greatest common factor of f and 533.
41
Suppose -c - c - 10 = 0, c = y - 53. Let p(s) = s**3 - 7*s**2 - 7*s + 6. Let q be p(9). Let j = 129 - q. What is the greatest common factor of y and j?
24
Let t be 4 - 13/(78/72). Let h be (12 - -3)/((t/42)/(-4)). What is the highest common factor of 126 and h?
63
Let p(s) = -19*s - 44. Let i be p(-7). Suppose -i*d - 2200 = -94*d. What is the highest common factor of d and 44?
44
Suppose -2007 + 13616 = 893*w. Let p(i) = i**3 + 5*i**2 - 9*i - 5. Let j be p(-6). What is the greatest common factor of w and j?
13
Let o be (-17)/85*6*-410. What is the highest common divisor of o and 192?
12
Let f(s) = -944*s + 15123. Let d be f(16). Let n(q) = 5*q**2 - 2*q + 3. Let x be n(6). Calculate the greatest common factor of d and x.
19
Let c(r) = 47*r + 600. Let i be c(-4). What is the greatest common divisor of 28 and i?
4
Suppose -5*x = -0*x - 2340. Suppose j + x = 56. Let z = -267 - j. What is the greatest common factor of 29 and z?
29
Suppose 0 = n + 4 + 2. Let z be (n/(-4))/(5/10). Suppose 2*o = 4*s + 5*o - z, -5*o = -3*s + 24. What is the highest common factor of s and 9?
3
Let d(b) = -b**3 + 91*b**2 + 96*b - 362. Let w be d(92). Let g(f) = -17*f - 3. Let s be g(-3). Calculate the greatest common factor of w and s.
6
Let i be (25/(-35))/(2 - 30/14). Let v(o) = 2*o**3 - 10*o**2 + 2*o - 7. Let s be v(i). Calculate the highest common factor of s and 7.
1
Let w = -67 - -122. Let d(i) = 10*i**2 - 5 + i**3 + 7*i - 4 - 4. Let z be d(-9). Calculate the greatest common factor of z and w.
5
Let x be -3 + (-668)/(-10) + 48/240. What is the highest common divisor of 15536 and x?
16
Let l(j) = -5*j**3 + 12*j**2 + 33*j + 6. Let s be l(-2). What is the greatest common divisor of 7448 and s?
28
Suppose -65 = 88*t - 101*t. Suppose -5*n - 171 = -h + 179, -4*n = -t*h + 1645. Calculate the greatest common divisor of h and 25.
25
Suppose 2*b + 22 = -2*r, -3*r - b = -5*b + 61. Let t(i) = -i**2 - 17*i - 13. Let n be t(r). Let d = 226 - 192. Calculate the greatest common factor of n and d.
17
Let i be (50 - (-6045)/(-120)) + -1154*9/(-48). Let d = 14 - -2. Calculate the highest common factor of d and i.
8
Suppose -2*p - j = -0*p - 21, -57 = -5*p - 4*j. Suppose -p*w - 579 = -84. Let h be (1 + w)*(-1)/(2/6). What is the highest common divisor of h and 18?
18
Let o = 13809 - 13424. What is the highest common divisor of o and 2849?
77
Let k(b) = -b**2 + 8*b + 14. Let y be k(8). Let u = -891 + 905. Calculate the greatest common factor of u and y.
14
Let f(m) = -23*m + 17. Let s(c) = 7*c + 9 + 0 - 29*c + 8. Let w(p) = 4*f(p) - 5*s(p). Let o be w(4). Calculate the greatest common factor of o and 22.
11
Let z(l) = -4*l**2 + 7*l - 8. Let j be z(4). Let d = -16 - j. Let o be (35*6/75)/((-1)/(-5)). What is the greatest common divisor of o and d?
14
Suppose 115*y + 3637 - 167052 = 0. What is the greatest common factor of y and 58?
29
Let m(k) = -k**3 - 12*k**2 - 3*k - 34. Let t be m(-12). Suppose -4*a = -p - 40, -45 = -5*a + t*a - 3*p. What is the greatest common factor of 11 and a?
11
Let v(k) = 2*k**2 - 11*k + 7. Let f be 7/((3 + -2)*1). Let z be v(f). Let q be (28/62)/7 + (-9100)/(-217). What is the greatest common divisor of z and q?
14
Let r be 6/27 - (-915)/135. Let b be (-2)/(-4)*(11 - -3). Suppose -147 = 4*o - b*o. Calculate the greatest common factor of o and r.
7
Suppose -w + 3*a - 31 = -102, 385 = 5*w - 5*a. Let n(f) = -f**2 - 11*f - 8. Let y be n(-7). What is the highest common divisor of w and y?
20
Let r = 390 + -390. Suppose -50*n - 15 + 1865 = r. Calculate the greatest common divisor of n and 259.
37
Let x(a) = -109*a - 1249. Let o be x(-13). What is the highest comm